{"id":24,"date":"2022-10-14T16:40:56","date_gmt":"2022-10-14T14:40:56","guid":{"rendered":"http:\/\/192.168.178.35\/wordpress\/?page_id=24"},"modified":"2023-07-02T16:23:08","modified_gmt":"2023-07-02T14:23:08","slug":"partner","status":"publish","type":"page","link":"https:\/\/dentallabor-mack.de\/index.php\/partner\/","title":{"rendered":"Partner"},"content":{"rendered":"\n<div class=\"wp-block-media-text alignwide is-stacked-on-mobile\" style=\"grid-template-columns:31% auto\"><figure class=\"wp-block-media-text__media\"><img loading=\"lazy\" decoding=\"async\" width=\"799\" height=\"253\" src=\"http:\/\/192.168.178.35\/wordpress\/wp-content\/uploads\/2022\/10\/Dentsply_Sirona.jpg\" alt=\"\" class=\"wp-image-45 size-full\" srcset=\"https:\/\/dentallabor-mack.de\/wp-content\/uploads\/2022\/10\/Dentsply_Sirona.jpg 799w, https:\/\/dentallabor-mack.de\/wp-content\/uploads\/2022\/10\/Dentsply_Sirona-300x95.jpg 300w, https:\/\/dentallabor-mack.de\/wp-content\/uploads\/2022\/10\/Dentsply_Sirona-768x243.jpg 768w\" sizes=\"auto, (max-width: 799px) 100vw, 799px\" \/><\/figure><div class=\"wp-block-media-text__content\">\n<p><strong><strong>Dentsply Sirona Deutschland GmbH<\/strong><\/strong><br>Fabrikstra\u00dfe 31<br>64625 Bensheim<br><br>Tel.: +49 (0)6251 16 0<br>Mail: contact@dentsplysirona.com<br><a rel=\"noreferrer noopener\" href=\"http:\/\/www.dentsplysirona.com\/de-de\" data-type=\"URL\" data-id=\"www.dentsplysirona.com\/de-de\" target=\"_blank\">www.dentsplysirona.com\/de-de<\/a><\/p>\n<\/div><\/div>\n\n\n\n<div class=\"wp-block-media-text alignwide is-stacked-on-mobile\" style=\"grid-template-columns:31% auto\"><figure class=\"wp-block-media-text__media\"><img loading=\"lazy\" decoding=\"async\" width=\"360\" height=\"200\" src=\"http:\/\/192.168.178.35\/wordpress\/wp-content\/uploads\/2022\/10\/Schuetz-Dental.jpg\" alt=\"\" class=\"wp-image-38 size-full\" srcset=\"https:\/\/dentallabor-mack.de\/wp-content\/uploads\/2022\/10\/Schuetz-Dental.jpg 360w, https:\/\/dentallabor-mack.de\/wp-content\/uploads\/2022\/10\/Schuetz-Dental-300x167.jpg 300w\" sizes=\"auto, (max-width: 360px) 100vw, 360px\" \/><\/figure><div class=\"wp-block-media-text__content\">\n<p><strong>Sch\u00fctz Dental GmbH<\/strong><br>Dieselstra\u00dfe 5-6<br>61191 Rosbach<br><br>Tel.: +49 (0)6003 8140<br>Fax: +49 (0)6003 814 906<br>Mail: info@schuetz-dental.de<br><a href=\"http:\/\/www.schuetz-dental.de\" data-type=\"URL\" data-id=\"www.schuetz-dental.de\" target=\"_blank\" rel=\"noreferrer noopener\">www.schuetz-dental.de<\/a><\/p>\n<\/div><\/div>\n\n\n\n<div class=\"wp-block-media-text alignwide is-stacked-on-mobile\" style=\"grid-template-columns:31% auto\"><figure class=\"wp-block-media-text__media\"><img loading=\"lazy\" decoding=\"async\" width=\"300\" height=\"200\" src=\"http:\/\/192.168.178.35\/wordpress\/wp-content\/uploads\/2022\/10\/Zhermack-Dental.png\" alt=\"\" class=\"wp-image-39 size-full\"\/><\/figure><div class=\"wp-block-media-text__content\">\n<p><strong>Zhermack GmbH Deutschland<\/strong><br>\u00d6hlm\u00fchle 10<br>49448 Marl am Dr\u00fcmmer<br><br>Tel.: +49 (0)5443 20330<br>Fax: +49 (0)5443 203311<br><a href=\"https:\/\/shop.zhermack.de\/\" data-type=\"URL\" data-id=\"https:\/\/shop.zhermack.de\/\" target=\"_blank\" rel=\"noreferrer noopener\">shop.zhermack.de<\/a><\/p>\n<\/div><\/div>\n\n\n\n<div class=\"wp-block-media-text alignwide is-stacked-on-mobile\" style=\"grid-template-columns:31% auto\"><figure class=\"wp-block-media-text__media\"><img loading=\"lazy\" decoding=\"async\" width=\"345\" height=\"64\" src=\"http:\/\/192.168.178.35\/wordpress\/wp-content\/uploads\/2022\/12\/Argen.png\" alt=\"\" class=\"wp-image-143 size-full\" srcset=\"https:\/\/dentallabor-mack.de\/wp-content\/uploads\/2022\/12\/Argen.png 345w, https:\/\/dentallabor-mack.de\/wp-content\/uploads\/2022\/12\/Argen-300x56.png 300w\" sizes=\"auto, (max-width: 345px) 100vw, 345px\" \/><\/figure><div class=\"wp-block-media-text__content\">\n<p><strong>Argen Dental GmbH<\/strong><br>Fritz-Vomfelde-Str. 12<br>40547 D\u00fcsseldorf<br><br>Tel.: +49 (0)211 355 965 0<br>Mail: info@argen.de<br><a href=\"http:\/\/www.argen.de\" data-type=\"URL\" data-id=\"www.argen.de\" target=\"_blank\" rel=\"noreferrer noopener\">www.argen.de<\/a><\/p>\n<\/div><\/div>\n\n\n\n<div class=\"wp-block-media-text alignwide is-stacked-on-mobile\" style=\"grid-template-columns:31% auto\"><figure class=\"wp-block-media-text__media\"><img loading=\"lazy\" decoding=\"async\" width=\"988\" height=\"170\" src=\"http:\/\/192.168.178.35\/wordpress\/wp-content\/uploads\/2022\/10\/HT-Dentalbedarf-1.png\" alt=\"\" class=\"wp-image-43 size-full\" srcset=\"https:\/\/dentallabor-mack.de\/wp-content\/uploads\/2022\/10\/HT-Dentalbedarf-1.png 988w, https:\/\/dentallabor-mack.de\/wp-content\/uploads\/2022\/10\/HT-Dentalbedarf-1-300x52.png 300w, https:\/\/dentallabor-mack.de\/wp-content\/uploads\/2022\/10\/HT-Dentalbedarf-1-768x132.png 768w\" sizes=\"auto, (max-width: 988px) 100vw, 988px\" \/><\/figure><div class=\"wp-block-media-text__content\">\n<p><strong>HT &#8211; Dentalbedarf<\/strong><br>Ungerstra\u00dfe 2D<br>85051 Ingolstadt<br><br>Tel.: +49 (0)8450 1776<br>Mail: HT-Dentalbedarf@gmx.de<br><a href=\"https:\/\/www.ht-dentalbedarf.de\/\" data-type=\"URL\" data-id=\"https:\/\/www.ht-dentalbedarf.de\/\" target=\"_blank\" rel=\"noreferrer noopener\">www.ht-dentalbedarf.de<\/a><\/p>\n<\/div><\/div>\n\n\n\n<p><\/p>\n\n\n\n<h3 class=\"wp-block-heading\">Weitere Partner:<\/h3>\n\n\n\n<ul class=\"wp-block-list\">\n<li><a rel=\"noreferrer noopener\" href=\"https:\/\/www.dentaurum.de\" data-type=\"URL\" data-id=\"https:\/\/www.dentaurum.de\" target=\"_blank\"><strong>Dentaurum<\/strong><\/a><\/li>\n\n\n\n<li><a rel=\"noreferrer noopener\" href=\"https:\/\/www.erkodent.de\/\" data-type=\"URL\" data-id=\"https:\/\/www.erkodent.de\/\" target=\"_blank\"><strong>Erkodent<\/strong><\/a><\/li>\n\n\n\n<li><a rel=\"noreferrer noopener\" href=\"https:\/\/bredent-group.com\/de\/\" data-type=\"URL\" data-id=\"https:\/\/bredent-group.com\/de\/\" target=\"_blank\"><strong>Bredent<\/strong><\/a><\/li>\n\n\n\n<li><a rel=\"noreferrer noopener\" href=\"https:\/\/www.ivoclar.com\/de_de\" data-type=\"URL\" data-id=\"https:\/\/www.ivoclar.com\/de_de\" target=\"_blank\"><strong>Ivoclar<\/strong><\/a><\/li>\n\n\n\n<li><a rel=\"noreferrer noopener\" href=\"https:\/\/www.merz-dental.de\/zahntechnik\/\" data-type=\"URL\" data-id=\"https:\/\/www.merz-dental.de\/zahntechnik\/\" target=\"_blank\"><strong>Merz Dental<\/strong><\/a><a rel=\"noreferrer noopener\" href=\"https:\/\/www.zahnmanufaktur-riedenburg.com\/\" data-type=\"URL\" data-id=\"https:\/\/www.zahnmanufaktur-riedenburg.com\/\" target=\"_blank\"><\/a><\/li>\n<\/ul>\n","protected":false},"excerpt":{"rendered":"<p>Dentsply Sirona Deutschland GmbHFabrikstra\u00dfe 3164625 Bensheim Tel.: +49 (0)6251 16 0Mail: contact@dentsplysirona.comwww.dentsplysirona.com\/de-de Sch\u00fctz Dental GmbHDieselstra\u00dfe 5-661191 Rosbach Tel.: +49 (0)6003 8140Fax: +49 (0)6003 814 906Mail: info@schuetz-dental.dewww.schuetz-dental.de Zhermack GmbH Deutschland\u00d6hlm\u00fchle 1049448 Marl am Dr\u00fcmmer Tel.: +49 (0)5443 20330Fax: +49 (0)5443 203311shop.zhermack.de Argen Dental GmbHFritz-Vomfelde-Str. 1240547 D\u00fcsseldorf Tel.: +49 (0)211 355 965 0Mail: info@argen.dewww.argen.de HT &#8211; DentalbedarfUngerstra\u00dfe [&hellip;]<\/p>\n","protected":false},"author":1,"featured_media":0,"parent":0,"menu_order":0,"comment_status":"closed","ping_status":"closed","template":"","meta":{"footnotes":""},"class_list":["post-24","page","type-page","status-publish","hentry"],"blocksy_meta":{"styles_descriptor":{"styles":{"desktop":"","tablet":"","mobile":""},"google_fonts":[],"version":6}},"_links":{"self":[{"href":"https:\/\/dentallabor-mack.de\/index.php\/wp-json\/wp\/v2\/pages\/24","targetHints":{"allow":["GET"]}}],"collection":[{"href":"https:\/\/dentallabor-mack.de\/index.php\/wp-json\/wp\/v2\/pages"}],"about":[{"href":"https:\/\/dentallabor-mack.de\/index.php\/wp-json\/wp\/v2\/types\/page"}],"author":[{"embeddable":true,"href":"https:\/\/dentallabor-mack.de\/index.php\/wp-json\/wp\/v2\/users\/1"}],"replies":[{"embeddable":true,"href":"https:\/\/dentallabor-mack.de\/index.php\/wp-json\/wp\/v2\/comments?post=24"}],"version-history":[{"count":13,"href":"https:\/\/dentallabor-mack.de\/index.php\/wp-json\/wp\/v2\/pages\/24\/revisions"}],"predecessor-version":[{"id":400,"href":"https:\/\/dentallabor-mack.de\/index.php\/wp-json\/wp\/v2\/pages\/24\/revisions\/400"}],"wp:attachment":[{"href":"https:\/\/dentallabor-mack.de\/index.php\/wp-json\/wp\/v2\/media?parent=24"}],"curies":[{"name":"wp","href":"https:\/\/api.w.org\/{rel}","templated":true}]}}