{"id":382,"date":"2023-07-02T15:30:08","date_gmt":"2023-07-02T13:30:08","guid":{"rendered":"http:\/\/192.168.178.35\/wordpress\/?page_id=382"},"modified":"2023-07-05T21:45:01","modified_gmt":"2023-07-05T19:45:01","slug":"schienen","status":"publish","type":"page","link":"https:\/\/dentallabor-mack.de\/index.php\/leistungen\/schienen\/","title":{"rendered":"Schienentherapie"},"content":{"rendered":"\n<p class=\"has-medium-font-size\"><\/p>\n\n\n\n<p><\/p>\n\n\n\n<div class=\"wp-block-columns is-layout-flex wp-container-core-columns-is-layout-28f84493 wp-block-columns-is-layout-flex\">\n<div class=\"wp-block-column is-layout-flow wp-block-column-is-layout-flow\" style=\"flex-basis:33.33%\">\n<div class=\"wp-block-group is-layout-constrained wp-block-group-is-layout-constrained\">\n<figure class=\"wp-block-image size-large\"><img loading=\"lazy\" decoding=\"async\" width=\"1024\" height=\"421\" src=\"http:\/\/192.168.178.35\/wordpress\/wp-content\/uploads\/2023\/07\/Schienendruck-1024x421.jpg\" alt=\"\" class=\"wp-image-439\" srcset=\"https:\/\/dentallabor-mack.de\/wp-content\/uploads\/2023\/07\/Schienendruck-1024x421.jpg 1024w, https:\/\/dentallabor-mack.de\/wp-content\/uploads\/2023\/07\/Schienendruck-300x123.jpg 300w, https:\/\/dentallabor-mack.de\/wp-content\/uploads\/2023\/07\/Schienendruck-768x316.jpg 768w, https:\/\/dentallabor-mack.de\/wp-content\/uploads\/2023\/07\/Schienendruck.jpg 1229w\" sizes=\"auto, (max-width: 1024px) 100vw, 1024px\" \/><\/figure>\n\n\n\n<figure class=\"wp-block-image size-large\"><img loading=\"lazy\" decoding=\"async\" width=\"768\" height=\"1024\" src=\"http:\/\/192.168.178.35\/wordpress\/wp-content\/uploads\/2023\/07\/IMG-20230705-WA0001-768x1024.jpg\" alt=\"\" class=\"wp-image-436\" srcset=\"https:\/\/dentallabor-mack.de\/wp-content\/uploads\/2023\/07\/IMG-20230705-WA0001-768x1024.jpg 768w, https:\/\/dentallabor-mack.de\/wp-content\/uploads\/2023\/07\/IMG-20230705-WA0001-225x300.jpg 225w, https:\/\/dentallabor-mack.de\/wp-content\/uploads\/2023\/07\/IMG-20230705-WA0001-1152x1536.jpg 1152w, https:\/\/dentallabor-mack.de\/wp-content\/uploads\/2023\/07\/IMG-20230705-WA0001.jpg 1536w\" sizes=\"auto, (max-width: 768px) 100vw, 768px\" \/><\/figure>\n\n\n\n<figure class=\"wp-block-image size-large\"><img loading=\"lazy\" decoding=\"async\" width=\"926\" height=\"1024\" src=\"http:\/\/192.168.178.35\/wordpress\/wp-content\/uploads\/2023\/07\/IMG-20230705-WA0004-926x1024.jpg\" alt=\"\" class=\"wp-image-440\" srcset=\"https:\/\/dentallabor-mack.de\/wp-content\/uploads\/2023\/07\/IMG-20230705-WA0004-926x1024.jpg 926w, https:\/\/dentallabor-mack.de\/wp-content\/uploads\/2023\/07\/IMG-20230705-WA0004-271x300.jpg 271w, https:\/\/dentallabor-mack.de\/wp-content\/uploads\/2023\/07\/IMG-20230705-WA0004-768x849.jpg 768w, https:\/\/dentallabor-mack.de\/wp-content\/uploads\/2023\/07\/IMG-20230705-WA0004-1389x1536.jpg 1389w, https:\/\/dentallabor-mack.de\/wp-content\/uploads\/2023\/07\/IMG-20230705-WA0004.jpg 1487w\" sizes=\"auto, (max-width: 926px) 100vw, 926px\" \/><\/figure>\n<\/div>\n<\/div>\n\n\n\n<div class=\"wp-block-column has-medium-font-size is-layout-flow wp-block-column-is-layout-flow\" style=\"flex-basis:66.66%\">\n<div class=\"wp-block-group has-medium-font-size is-layout-constrained wp-block-group-is-layout-constrained\">\n<p>Zahnenschienen finden in der Zahnmedizin verschiedenste Einsatzm\u00f6glichkeiten.<br>So gibt es einfache Schienen welche die Z\u00e4hne bei einigen Sportarten sch\u00fctzen, aber auch aufwendig angepasste Schienen f\u00fcr beispielsweise Kiefergelenkbeschwerden oder um das Knirschverhalten zu verbessern. Damit werden die Z\u00e4hne bestm\u00f6glich vor weiteren Besch\u00e4digungen gesch\u00fctzt.<\/p>\n\n\n\n<p>Seit neuestem bieten wir auch Protrusionsschienen (Schnarcherschienen) an.<\/p>\n\n\n\n<p>Unsere hochwertigen Zahnschienen fertigen wir je nach Wunsch auf verschiedene Art.<br>Wir bieten Ihnen Schienen aus Tiefziehkunststoff, fr\u00e4sbaren Kunststoffblanks sowie aus 3D-Druck Kunststoff an.<br><\/p>\n<\/div>\n<\/div>\n<\/div>\n","protected":false},"excerpt":{"rendered":"<p>Zahnenschienen finden in der Zahnmedizin verschiedenste Einsatzm\u00f6glichkeiten.So gibt es einfache Schienen welche die Z\u00e4hne bei einigen Sportarten sch\u00fctzen, aber auch aufwendig angepasste Schienen f\u00fcr beispielsweise Kiefergelenkbeschwerden oder um das Knirschverhalten zu verbessern. Damit werden die Z\u00e4hne bestm\u00f6glich vor weiteren Besch\u00e4digungen gesch\u00fctzt. Seit neuestem bieten wir auch Protrusionsschienen (Schnarcherschienen) an. Unsere hochwertigen Zahnschienen fertigen wir je [&hellip;]<\/p>\n","protected":false},"author":1,"featured_media":0,"parent":74,"menu_order":0,"comment_status":"closed","ping_status":"closed","template":"","meta":{"footnotes":""},"class_list":["post-382","page","type-page","status-publish","hentry"],"blocksy_meta":[],"_links":{"self":[{"href":"https:\/\/dentallabor-mack.de\/index.php\/wp-json\/wp\/v2\/pages\/382","targetHints":{"allow":["GET"]}}],"collection":[{"href":"https:\/\/dentallabor-mack.de\/index.php\/wp-json\/wp\/v2\/pages"}],"about":[{"href":"https:\/\/dentallabor-mack.de\/index.php\/wp-json\/wp\/v2\/types\/page"}],"author":[{"embeddable":true,"href":"https:\/\/dentallabor-mack.de\/index.php\/wp-json\/wp\/v2\/users\/1"}],"replies":[{"embeddable":true,"href":"https:\/\/dentallabor-mack.de\/index.php\/wp-json\/wp\/v2\/comments?post=382"}],"version-history":[{"count":8,"href":"https:\/\/dentallabor-mack.de\/index.php\/wp-json\/wp\/v2\/pages\/382\/revisions"}],"predecessor-version":[{"id":444,"href":"https:\/\/dentallabor-mack.de\/index.php\/wp-json\/wp\/v2\/pages\/382\/revisions\/444"}],"up":[{"embeddable":true,"href":"https:\/\/dentallabor-mack.de\/index.php\/wp-json\/wp\/v2\/pages\/74"}],"wp:attachment":[{"href":"https:\/\/dentallabor-mack.de\/index.php\/wp-json\/wp\/v2\/media?parent=382"}],"curies":[{"name":"wp","href":"https:\/\/api.w.org\/{rel}","templated":true}]}}